{"id":7721,"date":"2020-10-20T09:06:05","date_gmt":"2020-10-20T07:06:05","guid":{"rendered":"https:\/\/www.gout-region.ch\/a-propos\/"},"modified":"2020-10-20T09:24:51","modified_gmt":"2020-10-20T07:24:51","slug":"ueber-uns","status":"publish","type":"page","link":"https:\/\/www.gout-region.ch\/de\/ueber-uns\/","title":{"rendered":"\u00dcber uns"},"content":{"rendered":"<p>\u00dcber uns Unternehmen &amp; Engagement Forschung &amp; Entwicklung Brosch\u00fcren &amp; Logos Fotos &amp; webcams<\/p>\n","protected":false},"excerpt":{"rendered":"<p>\u00dcber uns Unternehmen &amp; Engagement Forschung &amp; Entwicklung Brosch\u00fcren &amp; Logos Fotos &amp; webcams<\/p>\n","protected":false},"author":1,"featured_media":0,"parent":0,"menu_order":0,"comment_status":"closed","ping_status":"closed","template":"","meta":[],"yoast_head":"<!-- This site is optimized with the Yoast SEO plugin v15.9.2 - https:\/\/yoast.com\/wordpress\/plugins\/seo\/ -->\n<title>\u00dcber uns - Go\u00fbt &amp; R\u00e9gion | Val-de-Travers<\/title>\n<meta name=\"robots\" content=\"index, follow, max-snippet:-1, max-image-preview:large, max-video-preview:-1\" \/>\n<link rel=\"canonical\" href=\"https:\/\/www.gout-region.ch\/de\/ueber-uns\/\" \/>\n<meta property=\"og:locale\" content=\"de_DE\" \/>\n<meta property=\"og:type\" content=\"article\" \/>\n<meta property=\"og:title\" content=\"\u00dcber uns - Go\u00fbt &amp; R\u00e9gion | Val-de-Travers\" \/>\n<meta property=\"og:description\" content=\"\u00dcber uns Unternehmen &amp; Engagement Forschung &amp; Entwicklung Brosch\u00fcren &amp; Logos Fotos &amp; webcams\" \/>\n<meta property=\"og:url\" content=\"https:\/\/www.gout-region.ch\/de\/ueber-uns\/\" \/>\n<meta property=\"og:site_name\" content=\"Go\u00fbt &amp; R\u00e9gion | Val-de-Travers\" \/>\n<meta property=\"article:publisher\" content=\"https:\/\/www.facebook.com\/goutetregion\/\" \/>\n<meta property=\"article:modified_time\" content=\"2020-10-20T07:24:51+00:00\" \/>\n<meta property=\"og:image\" content=\"https:\/\/www.gout-region.ch\/wp-content\/uploads\/2018\/07\/CreuxduVan.jpg\" \/>\n\t<meta property=\"og:image:width\" content=\"1500\" \/>\n\t<meta property=\"og:image:height\" content=\"768\" \/>\n<meta name=\"twitter:card\" content=\"summary_large_image\" \/>\n<meta name=\"twitter:label1\" content=\"Gesch\u00e4tzte Lesezeit\">\n\t<meta name=\"twitter:data1\" content=\"3\u00a0Minuten\">\n<script type=\"application\/ld+json\" class=\"yoast-schema-graph\">{\"@context\":\"https:\/\/schema.org\",\"@graph\":[{\"@type\":\"WebSite\",\"@id\":\"https:\/\/www.gout-region.ch\/de\/#website\",\"url\":\"https:\/\/www.gout-region.ch\/de\/\",\"name\":\"Go\\u00fbt &amp; R\\u00e9gion | Val-de-Travers\",\"description\":\"\",\"potentialAction\":[{\"@type\":\"SearchAction\",\"target\":\"https:\/\/www.gout-region.ch\/de\/?s={search_term_string}\",\"query-input\":\"required name=search_term_string\"}],\"inLanguage\":\"de\"},{\"@type\":\"WebPage\",\"@id\":\"https:\/\/www.gout-region.ch\/de\/ueber-uns\/#webpage\",\"url\":\"https:\/\/www.gout-region.ch\/de\/ueber-uns\/\",\"name\":\"\\u00dcber uns - Go\\u00fbt &amp; R\\u00e9gion | Val-de-Travers\",\"isPartOf\":{\"@id\":\"https:\/\/www.gout-region.ch\/de\/#website\"},\"datePublished\":\"2020-10-20T07:06:05+00:00\",\"dateModified\":\"2020-10-20T07:24:51+00:00\",\"breadcrumb\":{\"@id\":\"https:\/\/www.gout-region.ch\/de\/ueber-uns\/#breadcrumb\"},\"inLanguage\":\"de\",\"potentialAction\":[{\"@type\":\"ReadAction\",\"target\":[\"https:\/\/www.gout-region.ch\/de\/ueber-uns\/\"]}]},{\"@type\":\"BreadcrumbList\",\"@id\":\"https:\/\/www.gout-region.ch\/de\/ueber-uns\/#breadcrumb\",\"itemListElement\":[{\"@type\":\"ListItem\",\"position\":1,\"item\":{\"@type\":\"WebPage\",\"@id\":\"https:\/\/www.gout-region.ch\/de\/\",\"url\":\"https:\/\/www.gout-region.ch\/de\/\",\"name\":\"Accueil\"}},{\"@type\":\"ListItem\",\"position\":2,\"item\":{\"@type\":\"WebPage\",\"@id\":\"https:\/\/www.gout-region.ch\/de\/ueber-uns\/\",\"url\":\"https:\/\/www.gout-region.ch\/de\/ueber-uns\/\",\"name\":\"\\u00dcber uns\"}}]}]}<\/script>\n<!-- \/ Yoast SEO plugin. -->","_links":{"self":[{"href":"https:\/\/www.gout-region.ch\/de\/wp-json\/wp\/v2\/pages\/7721"}],"collection":[{"href":"https:\/\/www.gout-region.ch\/de\/wp-json\/wp\/v2\/pages"}],"about":[{"href":"https:\/\/www.gout-region.ch\/de\/wp-json\/wp\/v2\/types\/page"}],"author":[{"embeddable":true,"href":"https:\/\/www.gout-region.ch\/de\/wp-json\/wp\/v2\/users\/1"}],"replies":[{"embeddable":true,"href":"https:\/\/www.gout-region.ch\/de\/wp-json\/wp\/v2\/comments?post=7721"}],"version-history":[{"count":3,"href":"https:\/\/www.gout-region.ch\/de\/wp-json\/wp\/v2\/pages\/7721\/revisions"}],"predecessor-version":[{"id":7724,"href":"https:\/\/www.gout-region.ch\/de\/wp-json\/wp\/v2\/pages\/7721\/revisions\/7724"}],"wp:attachment":[{"href":"https:\/\/www.gout-region.ch\/de\/wp-json\/wp\/v2\/media?parent=7721"}],"curies":[{"name":"wp","href":"https:\/\/api.w.org\/{rel}","templated":true}]}}

Über uns

<p>Über uns Unternehmen &amp; Engagement Forschung &amp; Entwicklung Broschüren &amp; Logos Fotos &amp; webcams</p>

<!-- This site is optimized with the Yoast SEO plugin v15.9.2 - https://yoast.com/wordpress/plugins/seo/ -->
<title>Über uns - Goût &amp; Région | Val-de-Travers</title>
<meta name="robots" content="index, follow, max-snippet:-1, max-image-preview:large, max-video-preview:-1" />
<link rel="canonical" href="https://www.gout-region.ch/de/ueber-uns/" />
<meta property="og:locale" content="de_DE" />
<meta property="og:type" content="article" />
<meta property="og:title" content="Über uns - Goût &amp; Région | Val-de-Travers" />
<meta property="og:description" content="Über uns Unternehmen &amp; Engagement Forschung &amp; Entwicklung Broschüren &amp; Logos Fotos &amp; webcams" />
<meta property="og:url" content="https://www.gout-region.ch/de/ueber-uns/" />
<meta property="og:site_name" content="Goût &amp; Région | Val-de-Travers" />
<meta property="article:publisher" content="https://www.facebook.com/goutetregion/" />
<meta property="article:modified_time" content="2020-10-20T07:24:51+00:00" />
<meta property="og:image" content="https://www.gout-region.ch/wp-content/uploads/2018/07/CreuxduVan.jpg" />
	<meta property="og:image:width" content="1500" />
	<meta property="og:image:height" content="768" />
<meta name="twitter:card" content="summary_large_image" />
<meta name="twitter:label1" content="Geschätzte Lesezeit">
	<meta name="twitter:data1" content="3 Minuten">
<script type="application/ld+json" class="yoast-schema-graph">{"@context":"https://schema.org","@graph":[{"@type":"WebSite","@id":"https://www.gout-region.ch/de/#website","url":"https://www.gout-region.ch/de/","name":"Go\u00fbt &amp; R\u00e9gion | Val-de-Travers","description":"","potentialAction":[{"@type":"SearchAction","target":"https://www.gout-region.ch/de/?s={search_term_string}","query-input":"required name=search_term_string"}],"inLanguage":"de"},{"@type":"WebPage","@id":"https://www.gout-region.ch/de/ueber-uns/#webpage","url":"https://www.gout-region.ch/de/ueber-uns/","name":"\u00dcber uns - Go\u00fbt &amp; R\u00e9gion | Val-de-Travers","isPartOf":{"@id":"https://www.gout-region.ch/de/#website"},"datePublished":"2020-10-20T07:06:05+00:00","dateModified":"2020-10-20T07:24:51+00:00","breadcrumb":{"@id":"https://www.gout-region.ch/de/ueber-uns/#breadcrumb"},"inLanguage":"de","potentialAction":[{"@type":"ReadAction","target":["https://www.gout-region.ch/de/ueber-uns/"]}]},{"@type":"BreadcrumbList","@id":"https://www.gout-region.ch/de/ueber-uns/#breadcrumb","itemListElement":[{"@type":"ListItem","position":1,"item":{"@type":"WebPage","@id":"https://www.gout-region.ch/de/","url":"https://www.gout-region.ch/de/","name":"Accueil"}},{"@type":"ListItem","position":2,"item":{"@type":"WebPage","@id":"https://www.gout-region.ch/de/ueber-uns/","url":"https://www.gout-region.ch/de/ueber-uns/","name":"\u00dcber uns"}}]}]}</script>
<!-- / Yoast SEO plugin. -->
